t is the units digit of a?
4
Let l(s) = s**2 - 5*s - 8. Let g be l(7). Let a = 2 - 0. What is the units digit of a*g/9*9?
2
Let c(o) = 44*o**2 + 2*o. What is the tens digit of c(1)?
4
Let z(h) = 2*h**2 - 3*h. Let p be z(2). Let g(x) = 1 - 2 - x**3 - 7*x - 5 + 10*x**p. What is the tens digit of g(9)?
1
Let h = 9 - -10. Let p(s) = -s**3 + 3*s**2 + 6*s - 5. Let g be p(4). Suppose -g = -3*u + 3*f, 0*u - 5*u = 2*f - h. What is the units digit of u?
3
Suppose -3*r + 21 - 3 = 0. Suppose -x - 1 = -r. What is the units digit of x?
5
Let i(v) = -30*v + 8. What is the units digit of i(-3)?
8
Let h be (-12)/42 - 18/(-14). Suppose d - 5*z + 19 = 0, -5*d - z + 17 + 18 = 0. Suppose n - d = -h. What is the units digit of n?
5
Suppose -3*f - x - 47 = 0, f + 51 = -2*f - 3*x. What is the units digit of 2/((-6)/f) - -1?
6
Let j(u) = 3*u + 5. Let v be j(-4). Let g = 9 + v. What is the units digit of g?
2
Let d be 51 + -5*(-2)/5. Let y = -23 + d. What is the units digit of y?
0
Suppose 5*k + s - 2*s - 1 = 0, -5*k - 3 = 3*s. Suppose -2*r - 4 + 56 = k. What is the units digit of r?
6
Let a(z) = -z - 11. Let j be a(-13). Suppose 0*u = j*u - 44. What is the units digit of u?
2
Let l(m) = -m**3 + 8*m**2 - 3*m - 3. What is the tens digit of l(3)?
3
Suppose 35 = 2*f + 351. What is the tens digit of (-5)/15 + f/(-6)?
2
Let t = -63 + 78. What is the units digit of t?
5
Suppose 0 = -3*u - 5*y + 12, u = 3*y + y + 4. What is the units digit of u?
4
What is the units digit of (2/3)/((-12)/(-612))?
4
Let u(y) = -13*y**3 + 2*y**2 + 2*y + 1. Suppose 5*i + 7 = r, r + 4 = 4*i + 5*r. What is the units digit of u(i)?
4
Suppose v - 54 = 3*v. Suppose 0 = -2*r - 35 + 111. Let q = r + v. What is the units digit of q?
1
Let n = 9 - -25. Suppose -3*h + 2*t + 0*t + n = 0, 0 = -5*h + 4*t + 58. What is the tens digit of h?
1
Let l(z) = -8*z**3 + z**2 + 2*z + 1. Let i be l(-1). Let f(h) = -h**2 + 10*h + 5. Let r be f(i). Let v = r + -10. What is the units digit of v?
1
Let u = 61 + -42. What is the units digit of u?
9
Let n(v) = 6*v + 9. Let k be n(-4). What is the units digit of 5/(k/(-6)) + 15?
7
Let g(m) = -m**2 + 3*m - 3. Let i be g(3). What is the units digit of i/3 + 1*4?
3
Let l(t) be the first derivative of t**3/3 - 6*t**2 + 2*t + 1. Let p(g) = g**3 + 15*g**2 + 24*g - 14. Let w be p(-13). What is the units digit of l(w)?
2
Let t(c) = 10*c**2 + 3*c + 9. What is the tens digit of t(5)?
7
Let p(u) = u**2 - 3 + 3 - 2 - 4*u. Let n be p(4). Let b(d) = -d**3 + d**2 - d. What is the units digit of b(n)?
4
Suppose j - 5*j = -4. What is the units digit of ((-14)/(-4))/(j/2)?
7
Suppose 4*f = 8*r - 3*r + 690, -f + r = -173. What is the tens digit of f?
7
Let a(j) = j + 11. Let n be a(-9). Suppose -3*g = n*g - 80. What is the units digit of g?
6
Suppose -3*m = -0*m. Let s(i) = i**2 + i + 8. Let d be s(m). Suppose 13 = 3*n - d. What is the units digit of n?
7
Let o(b) = -2*b**2 - b - 5. Let k(a) = -3*a**2 - 5. Let q(w) = 3*k(w) - 4*o(w). What is the units digit of q(4)?
5
Let u = 15 - -35. What is the units digit of u?
0
Let v(u) = u**3 - 6*u**2 - 3*u + 7. Let l be v(7). What is the units digit of ((-8)/14)/((-10)/l)?
2
What is the tens digit of 1*3*209/33?
1
Suppose 5*n - 240 = n. Let t = -25 + n. What is the tens digit of t?
3
Let z = -7 + 5. What is the units digit of z + 7 + (-12)/4?
2
Let j be 18/4*2/3. What is the units digit of 0 + (-2 - j*-1)?
1
Suppose k - 2 = -24. Let z = k + 40. Suppose 3*t = 5*c - 38, 2*c + t + 5 = z. What is the units digit of c?
7
Let g = -152 - -219. Let n = g + -44. What is the units digit of n?
3
Let y(o) = 53*o + 3. What is the units digit of y(2)?
9
Suppose 0*x + 168 = 2*x. What is the units digit of x?
4
Let b(z) = -17*z + 96. What is the tens digit of b(-15)?
5
Let w = -99 + 122. What is the units digit of w?
3
Let y(x) = x**2 - 2*x + 4. Let f(n) = -2*n**2 + 3*n - 7. Let j(g) = 3*f(g) + 7*y(g). Let i = 12 - 7. What is the units digit of j(i)?
7
Let d(j) = -j**2 - 2*j - 4. Suppose -n + 5 = 0, 20 + 5 = -5*y + n. Let l be d(y). Let i = -10 - l. What is the units digit of i?
2
Suppose -11*m + 504 = -8*m. What is the hundreds digit of m?
1
Let h be 3 + -1 - -1 - 1. Suppose -h*b + 2 = 5*j - 55, b + 4 = 0. What is the tens digit of j?
1
Suppose q + 1 = -2*a + 12, 2*q + 5*a - 25 = 0. Suppose -8*h + 2 = -9*h. Let s = h + q. What is the units digit of s?
3
Suppose -51 = -3*p - 3*y, 9*p + 2*y = 4*p + 94. Suppose -2*n = 2*n - p. What is the units digit of n?
5
Let u(b) = -b - 2. Let d be u(-6). Let f be (-2)/d*(-1 + 1). Let v = 2 + f. What is the units digit of v?
2
Suppose -5*y = j + 11 - 3, 0 = -2*j - 5*y - 11. Let h = 5 - j. What is the units digit of h?
8
Let c(t) = t + 4 + 0*t + 3. What is the units digit of c(-6)?
1
Suppose -20 = 2*k + 2*k. Let o be ((-2)/k)/((-1)/(-5)). Suppose 0*v + o*v - 14 = 0. What is the units digit of v?
7
Suppose 0*z + 4*z = -4. Let p(l) = l**2 - 2. Let t be p(0). What is the units digit of (1*t)/(z/3)?
6
Suppose -5*p + 0*p + 105 = 0. Let v = p - -3. What is the units digit of v?
4
Let j be (-3 + 1)/1 - -1. Let o(v) be the third derivative of 11*v**5/60 + v**4/12 + v**3/6 - 17*v**2. What is the units digit of o(j)?
0
Let r(l) = -137*l**3 - 2*l**2 - 2*l - 1. Let u be r(-1). Suppose -21 = 5*c - u. What is the units digit of c?
3
Suppose -4*t + 5 = 5*v, 2*v + 15 = 2*t - 1. Let j be 0 - -5 - (v + 2). Suppose 0 = -0*x + 3*x - j. What is the units digit of x?
2
Let d(h) = -3*h**2 - 14*h + 3. Let t be d(-10). What is the units digit of t/(-5) + 2/(-5)?
1
Let h be (-71)/(-2) + 4/(-8). Suppose -h = -2*r - 3*r. Let w = r + 0. What is the units digit of w?
7
Let s(i) = i**2 - 4*i - 2. What is the units digit of s(5)?
3
What is the tens digit of (-5 - -2)/(9/(-114))?
3
Suppose -8*l + 517 = -195. What is the units digit of l?
9
Suppose 1162 = -18*w + 25*w. What is the hundreds digit of w?
1
Let b(r) = -2*r**2 + 7*r + 1. Let i(j) = -2*j**2 + 6*j + 1. Let h(q) = 5*b(q) - 6*i(q). Suppose -2 + 7 = f, -5*w - 5 = f. What is the units digit of h(w)?
9
Let a(n) be the first derivative of -n**3/3 + 9*n**2/2 - 8*n - 2. Let b be a(7). Suppose -2*y = -b*y + 44. What is the units digit of y?
1
Let p(l) = l**3 - 6*l**2 - l + 8. Let s be p(6). Suppose 3*x + 10 = 2*i, -4*x - s*i = -4 - 6. Suppose x = 3*f - 15. What is the units digit of f?
5
Let g(d) be the second derivative of d**4/2 + d**3/6 - 5*d**2/2 + d. Let a(x) = 12*x**2 + 2*x - 9. Let j(k) = 4*a(k) - 7*g(k). What is the units digit of j(1)?
6
Suppose 184 = 5*w - w. What is the units digit of w?
6
Suppose 0 = 5*d + 1 - 16. Suppose d = l - 2. Suppose k + h - 8 = 0, -3*k = -l*k + 2*h + 12. What is the units digit of k?
7
Let z(n) = -1 + n**2 - 1 - 2*n + 0. What is the units digit of z(3)?
1
What is the hundreds digit of (485/10 + 5)/((-2)/(-4))?
1
Let c = 5 + -5. Suppose -3*h + 2*h = 5*v + 6, -h + v = c. What is the units digit of 1 + 1 + h + 3?
4
Suppose 4*c + 32 = -4*z, -2*z - 9 = z. What is the units digit of (-6)/15 + (-22)/c?
4
Suppose 3*b = 4*v - 10, b - 4*v + 14 = -0*b. What is the units digit of b?
2
What is the tens digit of 0*2/8 + 17?
1
Suppose -42 = c - 2*c. What is the units digit of c?
2
Let q = 222 + -82. Suppose -a + q = 4*l, 3*a - 2*a = 3*l - 105. What is the tens digit of l?
3
Suppose -t = 5*j - 17, -t + 0*t = 3*j - 15. What is the units digit of t?
2
Let y be (1 + (-15 - -3))*-5. Suppose 0*j - 2*j - 4*u = -38, 3*j - y = -4*u. What is the units digit of j?
7
Suppose -12 = 4*y, -g + 0*g = -5*y - 23. What is the units digit of g?
8
Let a = -5 - -9. Suppose -p = -2*n - a, 2*p - 2*n = -4*n + 20. What is the units digit of p?
8
Suppose -5*t + 3*l = -0*t + 3, -t - 5*l = -5. Suppose -3*m + t*m = 9. What is the units digit of -1*3*1/m?
1
Suppose -244 = -4*z + 2*z + 5*h, -4*z - 5*h = -428. What is the hundreds digit of z?
1
Let a(q) = 2*q**2 + 7*q - 14. Let n be a(-12). Suppose 4*l + 3*t = n, 4*l + 3*t = 7*l - 153. What is the tens digit of l?
4
Let u(p) = -p**2 - 10*p + 5. Let c be u(-10). Suppose -119 - 106 = -c*n. What is the tens digit of n?
4
Suppose -10 + 1 = -3*y - 3*q, 2*y - 4*q - 6 = 0. What is the units digit of y - (1 + 15*-2)?
2
Suppose 0 = s - 4*s + 60. What is the units digit of s?
0
Let h be 35 - (9/3)/3. Suppose 0 = 4*n + 17 + 3, -3*b - h = 5*n. What is the units digit of b/(-9) - (-78)/9